Let y = l - m. Let c(a) = a**3 - 4*a**2 - 3*a + 4. Calculate c(y).
-8
Suppose 32 = -38*b + 30*b. Let u(r) = 2*r**2 + 5*r + 1. Give u(b).
13
Let i(h) = h - 12. Let m = 9 - 7. Let o be (8 - (m - 3)) + -3. Calculate i(o).
-6
Let z be (-4)/(1 + -3)*5/(-2). Let k(y) = -y**3 - 5*y**2 + 3*y + 4. What is k(z)?
-11
Let u(m) = m + 2. Let f = -125 + 131. Give u(f).
8
Let g(l) = 7*l**3 + 12*l**2 + 7*l + 3. Let b(p) = 10*p**3 + 18*p**2 + 11*p + 4. Let y(o) = 5*b(o) - 7*g(o). What is y(-5)?
-6
Let x(z) = -3 + z**2 - 2*z + 4 + 0*z. Calculate x(2).
1
Let a(k) = 3 + 4*k**3 - 1 - 3*k**3 + 4*k + 5*k**2. Let t = -9 - -14. Suppose -15 = -t*d, 0 = -j + 5*j + d + 9. What is a(j)?
8
Let l(a) be the third derivative of -a**5/30 + a**4/6 + a**3/6 - 20*a**2. Determine l(3).
-5
Let h(a) be the third derivative of 0*a + 0*a**3 + 0*a**5 - 1/20*a**6 + 0 + 8*a**2 + 1/24*a**4. What is h(1)?
-5
Let p(t) be the first derivative of t**2/2 - 2*t - 17. Suppose -5*n - 5*h + 10 = -0, n + 3*h = 2. Suppose -v - n = 2. Calculate p(v).
-6
Let o = 14 - 8. Let t(n) = n**2 - 5*n - 2. Give t(o).
4
Let t(h) = -h**2 - 7*h - 7. Let a = -27 - -21. What is t(a)?
-1
Let d(u) be the second derivative of -2*u + 0 + 1/12*u**4 + 7/2*u**2 + 7/6*u**3. Let y be d(-5). Let j(p) = -4*p - 4. Calculate j(y).
8
Let k(a) = 3*a + 5. Let r(v) = 4*v + 7. Let d(z) = 7*k(z) - 5*r(z). Let j be d(0). Let w(t) = -t**2 + t - 9. Calculate w(j).
-9
Suppose 0 = 5*k - 3*g - 76, 2*k + 3*g - 14 = 8. Suppose -6 = -k*i + 12*i. Let b(o) = 2*o - 1. Determine b(i).
5
Let u(z) = -2*z - 6. Let x be u(-4). Let o(n) = 10*n + n**x + 0*n**2 - 15*n - 2. Suppose -20 = -3*g - g. Determine o(g).
-2
Let j be 5/40*-4*(1 + 9). Let a(c) = -c - 3. Give a(j).
2
Suppose -3*u = -4*c + 2*c - 2, 2*c - 2*u = 0. Let w = -5 + c. Let z(m) be the third derivative of m**6/120 + m**5/60 - m**4/8 + m**3/2 + 2*m**2. Give z(w).
-6
Let l(j) = -j**2 - 6*j + 4. Let q be l(-7). Let n be (1/q)/(2/12). Let v = -2 + n. Let m(i) = -i + 2. Calculate m(v).
6
Suppose -5*t = -4*h - 24, -5*h - 13 = -2*t - 0. Suppose 3 = t*p - 1, -4*a = 3*p - 23. Suppose a*q - q - 20 = 0. Let l(f) = f**2 - 7*f + 7. Calculate l(q).
-3
Let v = -12 - -16. Let m(u) = -u**2 + 5*u - 2. Calculate m(v).
2
Let v(b) be the third derivative of b**6/120 - b**5/12 - 7*b**4/24 - 4*b**3/3 + 24*b**2. What is v(6)?
-14
Let l be ((-3)/60)/((-30)/50). Let g(c) be the second derivative of 2*c - 3*c**2 - l*c**4 + 0 + 0*c**3. Calculate g(0).
-6
Let u(d) = d**3 - 2*d**2 - 2. Let y be 4 + (-3)/6*4. Give u(y).
-2
Let d(n) be the first derivative of -n**3/6 - 2*n + 2. Let z(y) be the first derivative of d(y). Calculate z(-5).
5
Let x(t) = -4*t - 4. Suppose 2*u - 9 = 9. Suppose 5*p = -g + 8*p - u, 4 = -2*g - p. Calculate x(g).
8
Let w(q) = -1. Let b(r) = r + 5. Let i(m) = -b(m) - 6*w(m). Let s(v) = -10*v**2 - 4*v + 5. Suppose -7 - 1 = -2*d. Let c(a) = d*i(a) - s(a). Determine c(1).
9
Let x(c) = 15*c - 10. Let j be x(6). Let v be j/36 + (-2)/9. Let a(d) = -2*d**2 + 2*d - 2. Give a(v).
-6
Let h(n) be the second derivative of n**4/12 - 5*n**3/6 - 7*n**2/2 + 6*n. Let q = 19 - 35. Let k be (-6)/(-9) - q/3. Give h(k).
-1
Let a(y) = -y**3 + 6*y**2 + y. Let p(t) = -t**2 + 14*t + 6. Let f be p(14). Give a(f).
6
Let o(j) = j. Let g = 32 + -35. What is o(g)?
-3
Let o(g) = -g**3 - 4*g**2 + 2*g - 3. Let v(j) = -j**3 - 4*j**2 + j - 3. Let y(x) = -3*o(x) + 4*v(x). Let b be 10/4*(-184)/115. Determine y(b).
5
Let o(z) = z**3 - 7*z**2 - 7*z - 4. Let c be o(8). Let y(l) = l**2 + l - 2. Give y(c).
18
Let g(c) = 398*c**3 - 203*c**3 - 196*c**3 + 3*c**2 + 2. Let m be (2 + 1)*(2 + -1). Determine g(m).
2
Let d(q) = 39*q**2 - q + 10. Let z(j) = -26*j**2 + j - 7. Let u(y) = 5*d(y) + 7*z(y). What is u(-1)?
12
Let p(m) = m**3 + 5*m**2 - 2*m - 5. Let i be p(-5). Let q be (-1 - -4) + (-15)/i. Let h(u) = -u - 5. Give h(q).
-5
Let v be ((-3)/(-6) + 0)*2. Let m = 2 + v. Let c(o) = o**3 - 3*o**2 - o - 3. Calculate c(m).
-6
Suppose 0 = -4*v + 5*u + 6, 13 = 2*v + 2*u + 1. Suppose -v*a - 4 = -4*c, 0*a = a + c - 5. Let h(w) = -3*w**2 - 2*w + 2. Calculate h(a).
-14
Let v(q) = -q**3 - 8*q**2 - 3*q - 9. Suppose 0 = 5*c - 10*c - 40. Calculate v(c).
15
Let l(y) = -139*y**3 - 3*y**2 - 5*y - 2 + y**2 + 138*y**3. Determine l(-3).
22
Let m(q) = q**3 + 6*q**2 + 3*q - 1. Let r(h) = -3*h**3 - 13*h**2 - 5*h + 2. Let g(w) = 5*m(w) + 2*r(w). Determine g(5).
-1
Let b(s) = 4*s**2 + 0*s**2 - 4 - 2*s + s**3 - s**2. Let p = 8 - 6. Let t be p/9 - (-58)/(-18). Give b(t).
2
Let k(x) = x**2 + 4*x. Let j(n) = -n**3 - 4*n**2 - 5*n - 4. Let d be j(-3). Suppose 4*l = r - 24, r + 2*l = 5*l + 21. Suppose s = -d*s - r. Give k(s).
0
Let m(w) = 4*w**3 - 6*w**2 - 10*w + 11. Let l = -4 + -2. Let i(v) = 5*v**3 - 6*v**2 - 11*v + 12. Let a(r) = l*m(r) + 5*i(r). Calculate a(-5).
-6
Let w(n) = n. Let r be w(4). Let g be (1 - r)/1 - -2. Let u(i) = 4*i**3 - i**2 - 2*i - 1. Give u(g).
-4
Let p(j) be the first derivative of -j**5/20 - j**4/3 - j**3/6 - 3*j - 4. Let b(g) be the first derivative of p(g). Calculate b(-3).
-6
Let d(q) = 2*q - 8. Let n(a) = 5*a - 16. Let i(k) = 9*d(k) - 4*n(k). Give i(-7).
6
Let p(y) be the third derivative of 0 + 1/3*y**3 + 3*y**2 + 0*y - 5/24*y**4. What is p(3)?
-13
Suppose -5*g = -7*g - 10. Suppose 0 = 5*r - 5, 3*r = -2*y + 7 - 4. Let z = g + y. Let l(s) = -s**2 - 4*s - 2. What is l(z)?
-7
Let g(i) = -i + 3. Suppose 2 = -3*v + 4*t, -2*v + 5*v + 5*t - 16 = 0. What is g(v)?
1
Let v(q) be the third derivative of 0*q**4 - 1/6*q**3 - 1/20*q**5 + 0*q + 0 - 3*q**2. Give v(-1).
-4
Let u(s) = -5*s**2 + s. Let j be 5 + 0 + 0 + -4. Give u(j).
-4
Suppose -2*v - 4*p + 6 = 0, 3*p - p = v + 5. Suppose -3*u = u - 8. Let n(o) = -3*o - 1 + u - o. What is n(v)?
5
Let k = -29 + 22. Let f(n) = -2*n - 6. What is f(k)?
8
Let m(n) = -n**2 + 5*n + 2. Suppose 18 = 2*j - 4*s, 30 = -0*j + 4*j - 5*s. Determine m(j).
2
Let d(g) be the third derivative of g**4/12 - g**3/2 + g**2. Let m be d(3). Let s(c) = -3*c**m + 0 - c - 5*c**3 + 1 + 3*c. Calculate s(-1).
7
Suppose 4*l = m - 0*m - 3, 3*m - 9 = -3*l. Let c(z) = z + 3. Let u be c(l). Let j(t) = 0*t + 2*t**2 - t - 2 - t**2 - u. What is j(4)?
7
Let d(x) = x**2 - x + 3. Let j = 0 - -5. Suppose j - 2 = h + 2*g, 0 = h - 4*g - 3. What is d(h)?
9
Let m(f) = f + 7. Let v be m(-4). Suppose u + v*j + 3 = 3*u, -4*j - 2 = -2*u. Let q(a) = 6*a. Calculate q(u).
18
Let g(u) = 6*u**3 + u**2 + 2*u + 1. Let c = -65 - -64. Calculate g(c).
-6
Let v(y) be the first derivative of -y**2 + 1/4*y**4 + 7*y + 4/3*y**3 - 2. Suppose 0*u + 25 = -5*u. Calculate v(u).
-8
Let s(d) = -d**3 - 5*d**2 - 2*d + 5. Let u = -8 - -32. Suppose -2*k - 18 = 5*l, 4*l + u = -5*k + 2*l. Calculate s(k).
-3
Let m(x) = -x**3 + 2*x**2 + 4*x + 4. Let s = -1 + 5. Determine m(s).
-12
Suppose -4*x + 17 = u, -x + 0 - 1 = 2*u. Let y(j) = j. Determine y(u).
-3
Let f(u) = -5*u**2 - 7*u - 3. Let h(a) = -6*a**2 - 8*a - 3. Let g(r) = r**2 - 13*r + 7. Let p be g(12). Let k(v) = p*f(v) + 4*h(v). Calculate k(-3).
3
Let w(g) be the second derivative of 1/40*g**5 + 0*g**2 - 2*g - 1/4*g**4 + 0 + 1/360*g**6 + 0*g**3. Let a(q) be the third derivative of w(q). Give a(-2).
-1
Let x(q) = -q - 5. Let b be x(-5). Suppose -5*a + 6 = 3*z, b*z + 2*a = -z + 2. Let d(r) = -2*r - 3*r + r + 5 - 2. Calculate d(z).
-5
Let y(r) = -4*r + 8. Let p(b) = 7*b - 16. Let h(u) = -3*p(u) - 5*y(u). Give h(6).
2
Let r(m) = m**2 - 7*m + 3. Suppose -4*c + 5*d - 4*d - 8 = 0, -3*c + 17 = 5*d. Let a be (c - 2) + (9 - 2). What is r(a)?
-9
Let c(a) be the second derivative of a**6/720 - 3*a**5/40 + a**4/3 - 2*a. Let q(f) be the third derivative of c(f). Give q(6).
-3
Suppose 0 = 6*q - q. Let l(p) = q*p - p - 6 + 5 + 2. Let t = -3 + 4. Give l(t).
0
Let h(w) = w + 1. Let a(f) = f**3 - 9*f**2 + 9*f - 12. Let v be a(8). What is h(v)?
-3
Let u = -10 + 0. Let n = u - -6. Let g(w) = w**3 - 3*w**2 - 2*w + 2. Let k(v) = 6*v**3 - 14*v**2 - 9*v + 9. Let l(r) = -11*g(r) + 2*k(r). What is l(n)?
-4
Let k(b) = -2*b + 37 - 39 + 3*b. What is k(0)?
-2
Let h(m) = 10*m + 1. Let z(r) = r**2 - 10*r + 10. Let o be z(9). Determine h(o).
11
Suppose -l + 9 = 2*l. Let x be ((-2)/l)/(2/3). Let b(k) = 3*k - 1. Let p(y) = y. Let n(o) = -b(o) + 6*p(o). What is n(x)?
-2
Let b(p) = 5*p**2 - 1. Suppose 2*h = 3 + 1. Suppose 4*y + 2*z = -2, 2*y - 7*y + 11 = -h*z. What is b(y)?
